. Let q = -4 - -16. Let z be j(q). Calculate c(z).
8
Let c = -11 + 6. Let w(l) = 3*l + 9. Suppose -5*v + 4*u - 25 = -2*v, 0 = -5*u + 5. Let p(f) = 2*f + 6. Let x(b) = v*p(b) + 5*w(b). Determine x(c).
-2
Let a(i) be the second derivative of i**5/20 - i**4/3 - 5*i**3/6 + 2*i**2 + 19*i. Give a(5).
4
Let c(g) = -g + 1. Let j(t) = 2*t - 3. Let z(u) = -13*c(u) - 6*j(u). Calculate z(-6).
-1
Suppose -5*h + 1 = q - 4, -h + 1 = -5*q. Let s(m) = -3 + q*m**2 - m**2 - m + 6*m. Let a = 0 + 3. Give s(a).
3
Suppose -4*u + 2*u + 2 = 0. Let r(m) be the first derivative of 5*m**2/2 - 2. Determine r(u).
5
Let a(c) = c**2 + 2*c - 1. Let s be 32/10 - 1/5. Let b(z) = z**2 + z - 1. Let t(y) = -y**2 + 2. Let l be t(2). Let u(i) = l*a(i) + s*b(i). Give u(-2).
5
Let p(m) = -2*m**3 + m**2 + m + 1. Let n(l) = -3*l**3 + 3*l**2 + 2*l + 2. Let j(u) = -3*n(u) + 5*p(u). Give j(-3).
-7
Let j(x) = x**3 - 5*x**2 - 7*x + 1. Let z = -12 + 18. Determine j(z).
-5
Let z = 11 + -5. Let g(l) = 7 + l**3 - 7 - 4 - z*l**2. What is g(6)?
-4
Let g(r) = -3*r**3 + 3*r**2 + 8*r + 3. Let x(y) = -2*y**3 + y**2 + 4*y + 1. Suppose -3*q = -h + 8, 4 = -4*q - 0. Let m(z) = h*x(z) - 3*g(z). Determine m(-3).
-1
Let x(k) be the third derivative of k**4/24 - 5*k**3/6 + 3*k**2. Determine x(0).
-5
Let w(i) = 2*i**2 - i + 2. Let g = 6 - 3. Suppose 0*m = m - g. Let s = m - 1. Determine w(s).
8
Let b(j) be the third derivative of j**5/60 + j**4/8 + 2*j**2. Give b(-2).
-2
Let t be 30/70 - 25/(-7). Let z(n) = n**2 - 7*n + 1. Give z(t).
-11
Let h(w) = w**2 - 4*w - 1. Let a be h(5). Let r(g) = g**2 - g + 1. Let c(l) = -7*l**2 + 11*l - 4. Let u(v) = c(v) + 6*r(v). Calculate u(a).
6
Let b(v) = -v + 9. Suppose 0 = -11*o + 91 + 30. Calculate b(o).
-2
Let s(y) = 0*y**3 + 2 + y**3 - 7 + y - 5*y**2. Let k be -3*(8/(-12) + -1). What is s(k)?
0
Let v(h) = h + 6. Let n be v(-5). Let b(x) = -9*x**2 + 1. Calculate b(n).
-8
Let o = 0 - -1. Let x be 1 + 1 - 1 - -2. Let y(g) = g + x*g**3 + 0*g + 4 - 5. Calculate y(o).
3
Let p(a) = -a + 9*a**3 + 2*a**2 + 0*a - a**3. What is p(1)?
9
Suppose 0 = -q - 0*v - v + 9, -4 = -v. Let r(m) = m**3 - 5*m**2 - 5*m + 6. Determine r(q).
-19
Let q(j) = -6*j - 38. Let y be q(-6). Let s(f) be the second derivative of f**3/6 + 3*f**2/2 - f. What is s(y)?
1
Let s = 14 - 12. Let k(t) = t**s + 4 - 17*t + 26*t - 12*t. Give k(4).
8
Suppose -n + a - 12 = -0*n, 4*n = -4*a - 48. Let j(b) = -b**3 - 11*b**2 + 11*b - 17. Determine j(n).
-5
Let x(t) be the first derivative of -t**2/2 - 2*t - 2. Suppose 2*s + 1 = -3*g - 7, -3*g + s - 14 = 0. What is x(g)?
2
Let d(n) be the first derivative of -n**3/3 + n**2/2 + n + 2. What is d(2)?
-1
Let v be (-6)/(-4)*24/(-9). Suppose o + 4*o = 40. Let r(s) = -2 - 2*s + 11*s - 2*s - o*s. Calculate r(v).
2
Let l = -4 + 9. Suppose k = l*o - 0*o + 3, -o + 5*k = 15. Let g be (1 - o)/(1/3). Let x(m) = -m**3 + 3*m**2 + m + 3. Give x(g).
6
Suppose 12 = -2*k + 5*k. Let r(o) = -1 - 9*o**2 - k - o**3 - 3 - 9*o - 2. Determine r(-8).
-2
Let g(b) = 7*b**3 + 8*b**2 + 5*b + 5. Let w(l) = 6*l**3 + 7*l**2 + 4*l + 4. Let d(r) = 5*g(r) - 6*w(r). Let p(u) = u**2 - 4*u + 1. Let i be p(3). What is d(i)?
-1
Let v(t) be the first derivative of -t**4/4 - 5*t**3/3 - 5*t**2/2 - 4*t + 3. Let x be v(-4). Let b(y) = y - 2*y**2 + 4 + 4*y**2 - y**2 + y**3. What is b(x)?
4
Let v(n) = -n - 4. Suppose -o + 2 + 5 = -w, 18 = -3*w + 2*o. Determine v(w).
0
Suppose -10 = -5*c + 2*h, -2*c = 2*c - 2*h - 10. Let s(m) = -m + 0 + 1 + c. Suppose 3*y + 22 = -5*u, -3*y + 19 = -3*u + y. Determine s(u).
6
Let v(y) = -2*y**2 + 3*y + 3. Let d(a) = -a**2 + a - 2. Let b = -4 - -4. Let f be d(b). Give v(f).
-11
Let i(n) = 8*n**2 - 1. Suppose -17 = -2*x + 3*o, x - 3*o = 2*o + 19. Let r = -5 + x. Calculate i(r).
7
Let y(f) = -2*f + 4. Let a be -3 + (1 - 1) + 5. Suppose a*s - 12 = -2*l - l, 20 = 5*l - 5*s. Give y(l).
-4
Let a(n) = -n**3 - 5*n**2 - 5*n - 1. Let y(i) = 3*i**3 + 10*i**2 + 11*i + 2. Let u(t) = 5*a(t) + 2*y(t). Calculate u(6).
17
Let b(q) = -8*q**2 + q. Let k(r) = -25*r**2 + 3*r. Let j(u) = -7*b(u) + 2*k(u). Let a be j(1). Let i(f) = -f**2 + 7*f - 4. Determine i(a).
6
Suppose -4*o + 10 = o. Suppose o*m - 3 = m. Let d(a) = -a**m - a**2 + 2*a - 3*a - 1 + 0*a**3. Calculate d(-1).
0
Suppose 15 = 5*w, 0*r + r = 4*w - 17. Let g(y) = -y**3 - 5*y**2 - y. Calculate g(r).
5
Let q(x) = -x**3 - 3*x**2 + 1. Suppose 3*u + 18 = -w + 5*w, u + w - 1 = 0. Give q(u).
-3
Let w = -14 + 9. Let i = w + 0. Let d(z) = -z**3 - 3*z**2 + 6*z - 5. What is d(i)?
15
Let v = -2 + 5. Let q(n) = -4 + 2 - 3*n + 7*n - 2*n. What is q(v)?
4
Suppose -22 = 5*l + 4*h, 2*h - 6*h = 3*l + 18. Let q(d) = -d**2 + d + 2. Give q(l).
-4
Let s(w) = -2 - 38*w + w**2 + 15*w + 8*w + 17*w. Let n(b) = 4*b**3 - 2*b - 1. Let z be n(-1). Let q(i) = i**2 + 2*i - 1. Let g be q(z). Give s(g).
6
Let t(g) = g + 4. Let r be -2 - (-1 - 1*(1 - 0)). Determine t(r).
4
Let g(y) = -5 + 1 + 5*y + 1 - 3*y - y**2. Calculate g(2).
-3
Let a(d) = d**2 + 5*d + 6. Let t(b) = 2*b**2 + 11*b + 13. Let g(q) = -5*a(q) + 2*t(q). Let h = 6 + -8. Let m = h - 1. Determine g(m).
-4
Suppose -20 = -2*k - 4*n, 3*n - 17 = -k - 3. Suppose 0 = k*t - 6. Let p(x) = x**3 - 2*x**2 - 5*x + 4. Calculate p(t).
-2
Let z(c) be the third derivative of -c**4/8 + c**3/3 - 6*c**2. Calculate z(-2).
8
Let p(f) = f**2 + 11. Let d be p(0). Suppose -i + d = -5*h - 11, 4*h + 5 = 5*i. Let a(q) = -4*q + 2*q - 4 + 0*q. What is a(i)?
2
Suppose -20 = 11*t - 15*t. Let w(a) = -a**2 + 5*a + 3. Give w(t).
3
Let i be (1 + -1)/(8 + -6). Let u(a) = -a - 3. Calculate u(i).
-3
Let c(u) = -u - 2. Let m be c(-4). Let z(p) = -3*p**2 + 5*p**2 + 0*p**m - p**2. Give z(-2).
4
Let n(g) = -g - 2. Suppose 3*w - 5 = 4*w + 4*c, 3*c = -2*w - 10. What is n(w)?
3
Suppose -3*b = 4*p - 35, -7*p = -5*p - 4*b + 10. Let n(i) = i - 2. Determine n(p).
3
Let h be (-1 - (-8 + 3))*-1. Let z(c) = c + 6. Determine z(h).
2
Let k(g) be the first derivative of 3 + 0*g**2 + 7/120*g**5 - 5/24*g**4 + g**3 - 1/180*g**6 + 0*g. Let v(z) be the third derivative of k(z). Give v(4).
-9
Suppose 0*s + 3*s = -18. Let d(h) = -2*h**3 + 10*h**2 + 4*h - 1. Let k(f) = -f**3 + 9*f**2 + 4*f - 2. Let n(o) = -2*d(o) + 3*k(o). Give n(s).
8
Let l be 1*(-2)/((-4)/6). Let r(o) = 4*o + 4. Let a(j) = 5*j + 5. Let s(c) = -3*a(c) + 4*r(c). Let g be s(l). Let n(y) = -y**2 + 3*y + 2. Determine n(g).
-2
Let y(d) = d**2 - d + 1. Let n(u) = -2*u**2 - 4*u + 2. Let o(i) = -n(i) + 3*y(i). Suppose -5 = -3*g + 2*s, g + 4*s + 9 = 2*s. Give o(g).
5
Let k(p) = p**3 + 5*p**2 + 6*p + 6. Let h be -4*1/(2 + -1). Determine k(h).
-2
Suppose 2*i = 5 + 1. Let a(g) = -g + g**2 - i*g**2 - 2*g**2. Suppose 0*v = -2*v - 2. Give a(v).
-3
Let h(o) = -o**3 - 3*o**2 + 4*o - 1. Let l(q) = -q - 1. Let s be (-4 + 1)*(-1 + 0). Let f be l(s). What is h(f)?
-1
Let h(y) = -y - 1. Let z(w) = 5*w + 5. Let l = -4 - -7. Let c(t) = l*h(t) + z(t). Determine c(-3).
-4
Let u(v) = v**3 + 5*v**2 + 2*v - 1. Suppose 0 = 5*n + 28 - 8. Calculate u(n).
7
Let j(p) = -p + 14*p**2 - 26*p**2 + 2*p. Calculate j(-1).
-13
Let v(l) be the first derivative of 0*l + 9 + 0*l**2 - 1/3*l**3 - 5/4*l**4. Determine v(-1).
4
Let b(g) = 2*g**3 - 12 + 7*g + 10 + 7*g**2 - g**3. Calculate b(-6).
-8
Suppose -5*g + 6 = -2*g. Let x(h) = -8 - 4*h + 6*h**g + 7*h - 4*h**3 + 3*h**3. What is x(6)?
10
Let i(z) = -4*z - 5*z + 6 - 3*z + 13*z. What is i(-6)?
0
Suppose 0 = 2*a - 25 + 21. Let h(j) = 2*j - 8*j + 3 + 1 + j**a. Let q(w) = w**3 + 4*w**2 - 7*w - 5. Let f be q(-5). Calculate h(f).
-1
Let b = -3 - 0. Let m(o) = o**3 + o**2. Let v(j) = -2*j**3 - 3*j**2 + 2*j. Let k(d) = m(d) + v(d). Give k(b).
3
Let r(z) = 6*z - 5 - 2 + z**3 + 7*z**2 + 3. Suppose y + 3*y = 2*h - 8, 35 = -5*h - y. Let g be r(h). Let t(l) = l**2 + 6*l + 2. Give t(g).
-6
Let j(c) = 1 - 4*c**2 + 5*c**3 + 5*c**3 - 7*c + 3*c - 11*c**3. Calculate j(-3).
4
Let v(y) = y**2 + y - 3. Let w be v(-3). Suppose 5*a = -w*d + 32, a = 6*a - 20. Let o(q) = -3*q + d*q + q - 4. Determine o(5).
6
Let f be 6/(1/(-1) + 3). Suppose 16 = f*y + y. Suppose 4*n + 14 = y*q - 6, 9 = q - 3*n. Let z(t) = 3*t - 3. Calculate z(q).
6
Let k(l) be the first derivative of -3*l**2/2 + 4*l + 1. Let x = -225 + 222. Give k(x).
13
Let m(s) = -s**2 - s**2 - s**2 + 4 - 4*s + s**3. Let h be 36/10 + 20/50. Calculate m(h).
4
Let m(w) = 2*w - 4. Let c = 28 -